= 1166 + -1159. Let z(u) = u**2. What is the remainder when g is divided by z(2)?
3
Let v be 1/(2/(-388) - 0). Calculate the remainder when 4222/38 - (-10)/(-95) is divided by 8/28 + v/(-7).
27
Let v(n) = -84*n - 74. Calculate the remainder when v(-4) is divided by 44.
42
Suppose 2*d - 5 + 1 = 0. Let k be (-14 - -44)*(-3)/(-2). Let b = k - 42. What is the remainder when b is divided by d?
1
Let s(d) = d**3 + 27*d**2 - 39*d + 23. Calculate the remainder when s(-28) is divided by 37.
35
Suppose 33 = 3*q - 12. Suppose -16*v - q = -17*v. What is the remainder when v is divided by 6?
3
Suppose 40 = -2*l + 258. What is the remainder when l is divided by 20?
9
Suppose 60*q + 16095 = 147*q. What is the remainder when q is divided by 12?
5
Calculate the remainder when 68 is divided by (-22)/(-18) - (-13 + 119/9).
0
Let p(k) = k**2 + 2*k + 3. Let o be p(0). Suppose 2*c - o*j - 12 = c, 0 = -4*c + 4*j + 88. Let v = c + 4. What is the remainder when v is divided by 9?
4
Suppose 129 + 861 = 99*l. What is the remainder when l is divided by (-7)/(-1*1) + -1?
4
Suppose -4*s - 6 = 2*s. Let v = 18 - s. What is the remainder when 35 is divided by v?
16
Suppose 3*o - o + 2 = -2*m, -4*m = 2*o + 12. Let g(w) = -2*w + 4. Calculate the remainder when 55 is divided by g(m).
13
What is the remainder when 138 is divided by (-5052)/(-72) + (-2)/12?
68
Let s be 14152/7 + (-4)/(-14). Let p be 8/32 - s/(-8). Suppose w = -5*k + p, 2*w + 1 = 7. Calculate the remainder when k is divided by 17.
16
Suppose 2*n + 20 = 2*j, j + 2*n - 4*n - 14 = 0. Suppose j + 1 = m. Suppose 0 = -m*l + 10*l - 111. What is the remainder when l is divided by 10?
7
Let p(t) = t**3 - 16*t**2 + 4*t + 74. Suppose i - u - 40 = -i, 2*u = 3*i - 60. What is the remainder when p(16) is divided by i?
18
Suppose 0 = -k - k - 4. What is the remainder when 14/10 + 66/110 is divided by (k/1)/2*-1?
0
Let p be (4 + -1 + 36)*1. Suppose 5*c = -3*j + 8, -c - 21 = -5*j + p. What is the remainder when 21 is divided by j + 0*(2 + -3)?
10
Suppose 8 = -t - 8. Let f be (-2)/(-4) - (-8)/t. Calculate the remainder when 7 is divided by f - -3 - (-16 + 16).
1
Let c = 544 + -531. Calculate the remainder when 155 is divided by c.
12
Suppose 3*g = -5*a + 630, 3*a - 210 = g - 2*g. Suppose 3*k - g = -4*k. What is the remainder when k is divided by 13?
4
Suppose z + z = 0, 0 = 3*o + z - 12. Suppose 0*u + o = 4*u, 3*u - 33 = -3*k. What is the remainder when 48 is divided by k?
8
Let g be 6/6 - (-5 + 0). Let u be g/21 + (-15)/(-21). What is the remainder when (156/9)/(u/3) is divided by 18?
16
Let t(l) = l**3 - 5*l**2 - 2*l + 3. Let s = -9 + 15. Suppose -4*x + 434 = -2*u, -4*u + 202 = 5*x - 3*x. Calculate the remainder when x is divided by t(s).
26
Let k(d) be the second derivative of -d**3 + 11*d**2/2 + 11*d. What is the remainder when k(-6) is divided by 13?
8
Let d(q) = -q**3 + 6*q**2 + 11*q + 6. What is the remainder when d(-3) is divided by 28?
26
Let a = -214 - -243. What is the remainder when 74 is divided by a?
16
Suppose y = -3*s - 13, -5*y = -0*s - 3*s + 155. Let r = 7 - y. Calculate the remainder when 103 is divided by r.
33
Suppose 3*b = 5*w + 263, b + 5*w - 26 = 35. Let x = 17 - 0. Let h(l) = -l**3 + 17*l**2 + 2*l - 6. What is the remainder when b is divided by h(x)?
25
Let g(f) = -7*f**3 - 3*f**2 - 3*f. Let d be g(-3). Let y = d - 152. What is the remainder when 91 is divided by y?
15
Suppose -2*b + 208 - 210 = 0, -4*n = -4*b - 72. Suppose 4*r - 3*a = a + 208, 0 = -2*r - a + 92. What is the remainder when r is divided by n?
14
Suppose 15 = -5*h - 85. Let q be 6*(h/(-3))/(-5). Calculate the remainder when 12/4*q/(-6) is divided by 2.
0
Let v be (-129)/3 + -4 + (2 - -2). Let x = v - -49. Calculate the remainder when 40 is divided by x.
4
Suppose 0*r + 1590 = 5*g - 3*r, 5*r - 25 = 0. What is the remainder when g is divided by 54?
51
Suppose -9*k = -520 - 281. What is the remainder when k is divided by 42?
5
Suppose n = -3*v + 20, n + 4 = 4*v + 3. What is the remainder when 98 is divided by n?
10
Suppose 5*i + 40 - 265 = 0. Suppose 5*q - 5*b - i = 0, q - 3*b = -8*b + 33. Calculate the remainder when 37 is divided by q.
11
Suppose -3*n = -2*x - x + 75, -96 = -4*x + 5*n. Let f(b) = -3*b**3 + 22*b**2 + 2*b - 7. Calculate the remainder when f(7) is divided by x.
27
What is the remainder when (-361)/(-2 - (-3 + 2))*1 is divided by 33?
31
Suppose -82*m + 118*m - 72 = 0. What is the remainder when 3 is divided by m?
1
Suppose -8*o - 48 = -4*y - 4*o, o - 40 = -3*y. What is the remainder when (-150)/(-9)*18/15 is divided by y?
7
Let r = 73 + -83. Calculate the remainder when 57 is divided by 29/4*6/(-15)*r.
28
Let k = -29 - -62. Let r = 13 - -21. Let x = r + -25. What is the remainder when k is divided by x?
6
Let s(n) = 2*n - 25. Suppose 0 = -4*i + 88 + 24. Let p = 45 - i. Calculate the remainder when 15 is divided by s(p).
6
Let h = 122 - 98. What is the remainder when 83 is divided by h?
11
Let t(z) = 16*z**2 - 9*z + 16. Suppose 0 = -0*j - 2*j + 26. Calculate the remainder when t(2) is divided by j.
10
Suppose 0 = 2*m + 5*d - 111, 3*d + 2*d = 2*m - 141. What is the remainder when m is divided by ((-70)/(-55))/((-31)/(-341))?
7
Let b = 2435 - 1727. Calculate the remainder when b is divided by 5.
3
Suppose -3*q - 2*o = -175, -2*q = -3*o - 126 - 8. What is the remainder when 362 is divided by q?
57
Let x = -42 + 64. Let h(k) = 2*k**2 + 8*k - 35. What is the remainder when h(-10) is divided by x?
19
Let z(s) = -s**2 - 5*s - 4. Let t be z(-4). Let q be 1 + 2 - t/5. Suppose -p = -4*p - 9, 4*j - 11 = -q*p. What is the remainder when j is divided by 4?
1
Suppose -2*n = -3*a - 3*n + 101, -4*n = -3*a + 76. Let h = 47 - a. Let u = -15 - -43. What is the remainder when u is divided by h?
13
Let r(x) = x**3 - 5*x**2 + 3*x - 5. Let a be r(4). Let z = a - -55. Calculate the remainder when z is divided by 12.
10
Let q = 1011 + -965. Calculate the remainder when 135 is divided by q.
43
Suppose -5*j = 0, -12*s + j = -11*s - 21. What is the remainder when 356 is divided by s?
20
Let g(y) = y**3 - 20*y**2 + 35. Let o(j) = j**3 + 4*j**2 - 8*j - 12. Let q be o(-4). Calculate the remainder when 139 is divided by g(q).
34
Calculate the remainder when (19 + -64)*(-2)/6 is divided by 3.
0
Let u(y) = -3*y**3 + 11*y**2 + 11*y + 13. Let m(q) = q**3 - 5*q**2 - 5*q - 6. Let h(s) = -9*m(s) - 4*u(s). Calculate the remainder when h(2) is divided by 12.
8
Let p be 12*2/(3/1 - -3). Suppose 262 = 5*j - p*d, j - 4*d = -0*j + 62. Let q = -2 - -19. What is the remainder when j is divided by q?
16
Let w(d) be the first derivative of -4 - 1/3*d**3 - 5*d**2 + 6*d. What is the remainder when w(-10) is divided by 2?
0
Let x be 9*5/15 + -1. Suppose -5*y - x*n = -185, -2*y + 5*n + 22 = -23. Calculate the remainder when y is divided by ((-2)/1 - 2)*-5.
15
Suppose -2*h = 4, -2*g + 5*g - 5*h = 112. What is the remainder when 87 is divided by g?
19
Suppose -33*q - 48*q + 1620 = 0. What is the remainder when 84 is divided by q?
4
Suppose -99 = -5*b + 116. Let i be (-1)/((-26)/134) + 4/(-26). Let s(p) = p**3 - 4*p**2 - 14. What is the remainder when b is divided by s(i)?
10
Let u(h) = -h**2 + 9*h + 15. Let i be u(10). Suppose -i*d + 449 = 2*k, 3*d - 5*k - 261 = -2*k. What is the remainder when d is divided by 9?
8
Suppose 32 = 26*c - 30*c. Let y = 82 + c. Calculate the remainder when y is divided by 26.
22
Suppose 5*k - 78 - 222 = 0. Let b = -71 + 40. Let u = 52 + b. Calculate the remainder when k is divided by u.
18
Suppose 74 = -14*w + 15*w. Calculate the remainder when w is divided by 55.
19
Suppose 2*j + j - 12 = 0. Suppose -16 = -2*a + j*m, -2*m - 3*m = 4*a + 7. Suppose f = 4*b - 3, f - 4 = -3*f. Calculate the remainder when a is divided by b.
0
Let q(t) = 48*t - 2. Let l be q(2). Let w = l + -46. What is the remainder when w is divided by 8/6 + (-14)/21 - (-84)/9?
8
Suppose 4*i = -2*i + 468. Suppose 47 - 167 = -3*c. What is the remainder when i is divided by c?
38
Suppose 3*j - 132 = 4*j. Let h be (4 - (-2)/(4/(-26)))/(-1). Calculate the remainder when 6/(-2)*j/h is divided by 15.
14
Let d be (4 + (-27)/6)*0. Suppose d = 2*y + y - 21. Suppose -y = -u - 5. What is the remainder when u is divided by 1?
0
Let o = 93 + -32. Let u(l) = l**2 + 8*l + 9. Calculate the remainder when